{"id":56,"date":"2021-06-10T06:25:32","date_gmt":"2021-06-10T06:25:32","guid":{"rendered":"https:\/\/muzeul.uaic.ro\/?page_id=56"},"modified":"2021-06-10T06:25:32","modified_gmt":"2021-06-10T06:25:32","slug":"programe-educationale","status":"publish","type":"page","link":"https:\/\/muzeul.uaic.ro\/index.php\/programe-educationale\/","title":{"rendered":"Programe educa\u021bionale"},"content":{"rendered":"<p>[vc_row][vc_column][vc_column_text]Av\u00e2nd ca principale grupuri \u021bint\u0103 elevii, studen\u021bii \u0219i comunitatea academic\u0103 na\u021bional\u0103 \u0219i interna\u021bional\u0103, Muzeul \u00eendepline\u0219te, din perspectiva adresabilit\u0103\u021bii, o func\u021bie dubl\u0103: de spa\u021biu deschis vizitelor de informare \u0219i manifest\u0103rilor \u0219tiin\u021bifice ale Universit\u0103\u021bii \u0219i de laborator practic pentru elevi \u0219i studen\u021bi.<\/p>\n<p>Cele mai importante programe educa\u021bionale \u0219i formative \u00een care Muzeul s-a implicat \u00een ultimii ani au fost: \u201eS\u0103pt\u0103m\u00e2na por\u021bilor deschise la Universitatea \u00abAlexandru Ioan Cuza\u00bb Ia\u0219i\u201d, \u201eBun venit la UAIC\u201d, \u201eS\u0103pt\u0103m\u00e2na \u0218coala Altfel\u201d, \u201eNoaptea muzeelor\u201d.<\/p>\n<p>\u00cen cadrul acestor programe locale \u0219i na\u021bionale, am oferit elevilor \u0219i studen\u021bilor nu doar vizite ghidate, ci \u0219i posibilitatea particip\u0103rii la ateliere de lucru, precum: \u201eAparate de alt\u0103-dat\u0103\u201d, \u201eMici colec\u021bionari la Muzeu\u201d, \u201eArme \u0219i echipament militar din timpul Primului R\u0103zboi Mondial\u201d, \u201eGhid pentru colegii t\u0103i\u201d, ateliere de ceramic\u0103 \u0219i pictur\u0103. Oferta este adaptat\u0103 grupei de v\u00e2rst\u0103 a elevilor \u0219i este actualizat\u0103 la fiecare \u00eenceput de an \u0219colar\/universitar.<\/p>\n<p>\u00censcrierile se fac prin programare la adresa de mail: <a href=\"mailto:muzeul@uaic.ro\">muzeul@uaic.ro<\/a> sau la telefon: 0232\/201102\/interior 2451. Grupurile nu pot dep\u0103\u0219i 30 de persoane, iar durata atelierului este de o or\u0103.[\/vc_column_text][\/vc_column][\/vc_row]<\/p>\n","protected":false},"excerpt":{"rendered":"<p>[vc_row][vc_column][vc_column_text]Av\u00e2nd ca principale grupuri \u021bint\u0103 elevii, studen\u021bii \u0219i comunitatea academic\u0103 na\u021bional\u0103 \u0219i interna\u021bional\u0103, Muzeul \u00eendepline\u0219te, din perspectiva adresabilit\u0103\u021bii, o func\u021bie dubl\u0103: de spa\u021biu deschis vizitelor de informare \u0219i manifest\u0103rilor \u0219tiin\u021bifice ale Universit\u0103\u021bii \u0219i de laborator practic pentru elevi \u0219i studen\u021bi. [&hellip;]<\/p>\n","protected":false},"author":1,"featured_media":0,"parent":0,"menu_order":0,"comment_status":"closed","ping_status":"closed","template":"","meta":[],"_links":{"self":[{"href":"https:\/\/muzeul.uaic.ro\/index.php\/wp-json\/wp\/v2\/pages\/56"}],"collection":[{"href":"https:\/\/muzeul.uaic.ro\/index.php\/wp-json\/wp\/v2\/pages"}],"about":[{"href":"https:\/\/muzeul.uaic.ro\/index.php\/wp-json\/wp\/v2\/types\/page"}],"author":[{"embeddable":true,"href":"https:\/\/muzeul.uaic.ro\/index.php\/wp-json\/wp\/v2\/users\/1"}],"replies":[{"embeddable":true,"href":"https:\/\/muzeul.uaic.ro\/index.php\/wp-json\/wp\/v2\/comments?post=56"}],"version-history":[{"count":1,"href":"https:\/\/muzeul.uaic.ro\/index.php\/wp-json\/wp\/v2\/pages\/56\/revisions"}],"predecessor-version":[{"id":57,"href":"https:\/\/muzeul.uaic.ro\/index.php\/wp-json\/wp\/v2\/pages\/56\/revisions\/57"}],"wp:attachment":[{"href":"https:\/\/muzeul.uaic.ro\/index.php\/wp-json\/wp\/v2\/media?parent=56"}],"curies":[{"name":"wp","href":"https:\/\/api.w.org\/{rel}","templated":true}]}}

Programe educaționale

<p>[vc_row][vc_column][vc_column_text]Având ca principale grupuri țintă elevii, studenții și comunitatea academică națională și internațională, Muzeul îndeplinește, din perspectiva adresabilității, o funcție dublă: de spațiu deschis vizitelor de informare și manifestărilor științifice ale Universității și de laborator practic pentru elevi și studenți.</p>
<p>Cele mai importante programe educaționale și formative în care Muzeul s-a implicat în ultimii ani au fost: „Săptămâna porților deschise la Universitatea «Alexandru Ioan Cuza» Iași”, „Bun venit la UAIC”, „Săptămâna Școala Altfel”, „Noaptea muzeelor”.</p>
<p>În cadrul acestor programe locale și naționale, am oferit elevilor și studenților nu doar vizite ghidate, ci și posibilitatea participării la ateliere de lucru, precum: „Aparate de altă-dată”, „Mici colecționari la Muzeu”, „Arme și echipament militar din timpul Primului Război Mondial”, „Ghid pentru colegii tăi”, ateliere de ceramică și pictură. Oferta este adaptată grupei de vârstă a elevilor și este actualizată la fiecare început de an școlar/universitar.</p>
<p>Înscrierile se fac prin programare la adresa de mail: <a href="mailto:muzeul@uaic.ro">muzeul@uaic.ro</a> sau la telefon: 0232/201102/interior 2451. Grupurile nu pot depăși 30 de persoane, iar durata atelierului este de o oră.[/vc_column_text][/vc_column][/vc_row]</p>

<p>[vc_row][vc_column][vc_column_text]Având ca principale grupuri țintă elevii, studenții și comunitatea academică națională și internațională, Muzeul îndeplinește, din perspectiva adresabilității, o funcție dublă: de spațiu deschis vizitelor de informare și manifestărilor științifice ale Universității și de laborator practic pentru elevi și studenți. [&hellip;]</p>
